on divisor of 3219 and 13431.
111
What is the greatest common divisor of 9796 and 236052?
316
Calculate the greatest common factor of 193120 and 18400.
160
What is the greatest common divisor of 132 and 3290320?
44
Calculate the greatest common divisor of 19770 and 42.
6
Calculate the highest common divisor of 148246 and 14.
14
What is the highest common factor of 265 and 5140?
5
Calculate the greatest common divisor of 660 and 148236.
132
Calculate the highest common divisor of 2193 and 89352.
51
Calculate the highest common divisor of 235 and 81905.
5
Calculate the highest common divisor of 7486714 and 134.
134
Calculate the highest common factor of 125994 and 166.
166
What is the highest common factor of 214974 and 162?
162
What is the highest common factor of 813715 and 140?
35
What is the highest common divisor of 127725 and 786?
393
What is the highest common divisor of 147376 and 16?
16
Calculate the greatest common divisor of 42 and 4900.
14
What is the greatest common divisor of 20760 and 2160?
120
What is the greatest common divisor of 76 and 9781504?
76
What is the greatest common divisor of 158750 and 9906?
254
Calculate the greatest common divisor of 145 and 95845.
145
What is the highest common divisor of 369 and 791259?
123
Calculate the highest common factor of 190 and 2128.
38
What is the greatest common divisor of 29839 and 2815?
563
What is the highest common factor of 2376 and 8589834?
594
What is the greatest common divisor of 1332 and 2740812?
444
What is the highest common divisor of 3464 and 1048?
8
What is the highest common factor of 20 and 323165?
5
What is the highest common factor of 21 and 41076?
21
What is the highest common factor of 15 and 28915?
5
What is the greatest common factor of 989 and 64328?
43
What is the highest common factor of 6130272 and 96?
96
Calculate the highest common divisor of 2612593 and 23.
23
What is the greatest common divisor of 1672411 and 5356?
1339
What is the greatest common divisor of 424 and 43672?
424
Calculate the highest common divisor of 688 and 19737.
43
Calculate the highest common factor of 5 and 55095.
5
Calculate the greatest common factor of 27846 and 84201.
663
Calculate the highest common divisor of 52 and 66989.
13
What is the highest common factor of 2950864 and 32?
16
What is the greatest common divisor of 35 and 613445?
35
Calculate the greatest common factor of 1792 and 15104.
256
Calculate the highest common divisor of 14 and 166971.
7
What is the highest common divisor of 105 and 1764?
21
Calculate the highest common factor of 918 and 68298.
6
What is the highest common factor of 6 and 17274?
6
Calculate the highest common factor of 90 and 76530.
30
What is the highest common factor of 55 and 10685?
5
Calculate the highest common factor of 16358684 and 71.
71
Calculate the greatest common factor of 65 and 104.
13
Calculate the greatest common divisor of 253 and 5474.
23
Calculate the greatest common divisor of 5060056 and 328.
328
What is the greatest common divisor of 428 and 2129942?
214
Calculate the highest common divisor of 12680 and 212.
4
What is the greatest common factor of 173700 and 180?
180
What is the greatest common factor of 8314 and 14?
2
Calculate the highest common factor of 69696 and 18432.
576
What is the highest common factor of 1011 and 462027?
1011
Calculate the highest common factor of 275210 and 219.
73
What is the greatest common divisor of 236 and 38881?
59
What is the highest common divisor of 2999028 and 30?
6
Calculate the greatest common divisor of 151419 and 51.
51
Calculate the greatest common factor of 189 and 329.
7
Calculate the highest common divisor of 3777 and 23.
1
Calculate the highest common factor of 1863 and 4416.
69
Calculate the greatest common factor of 189 and 15239.
7
What is the greatest common factor of 1 and 4914?
1
Calculate the greatest common divisor of 16402 and 8896.
278
Calculate the highest common factor of 1581 and 29016.
93
Calculate the highest common divisor of 192 and 214464.
192
Calculate the greatest common factor of 887978 and 13.
13
What is the highest common divisor of 1660 and 100?
20
Calculate the greatest common factor of 320 and 100960.
160
Calculate the highest common factor of 2726 and 203698.
94
Calculate the greatest common divisor of 1 and 2339.
1
What is the highest common factor of 240 and 90120?
120
What is the highest common factor of 6305 and 365?
5
Calculate the highest common divisor of 30 and 7530.
30
Calculate the highest common factor of 3399898 and 323.
323
What is the greatest common factor of 797614 and 142?
142
What is the greatest common divisor of 845 and 146523?
169
Calculate the highest common factor of 1363 and 188.
47
Calculate the highest common factor of 408 and 14127.
51
Calculate the highest common factor of 402 and 1406196.
402
What is the greatest common factor of 2262 and 30?
6
Calculate the highest common divisor of 149678 and 268.
134
What is the greatest common factor of 1548 and 1212?
12
What is the greatest common divisor of 4338 and 34945?
241
What is the greatest common divisor of 12909 and 78?
39
What is the greatest common divisor of 11591 and 335?
67
Calculate the highest common factor of 346290 and 4335.
255
What is the greatest common divisor of 105805 and 140?
35
What is the highest common divisor of 13755 and 915?
15
What is the highest common factor of 2769 and 8733?
213
Calculate the highest common factor of 49662 and 160200.
1602
What is the highest common divisor of 20 and 263020?
20
What is the greatest common factor of 6160 and 32180?
20
What is the highest common divisor of 64 and 29088?
32
What is the highest common divisor of 74976 and 84?
12
Calculate the greatest common divisor of 21954 and 1812.
6
What is the greatest common factor of 85 and 105505?
5
Calculate the highest common divisor of 9361 and 187.
11
What is the highest common divisor of 7597 and 568?
71
What is the greatest common divisor of 30 and 7737?
3
Calculate the greatest common factor of 217 and 1697591.
217
Calculate the highest common divisor of 195548 and 217.
31
What is the highest common factor of 17150 and 28?
14
Calculate the highest common factor of 287583 and 13107.
771
Calculate the highest common divisor of 5104 and 19536.
176
What is the highest common factor of 808236 and 90?
18
What is the highest common divisor of 18117 and 22?
11
Calculate the greatest common divisor of 395363 and 123.
41
What is the greatest common factor of 480116 and 91?
91
What is the highest common factor of 165 and 4145?
5
What is the greatest common factor of 525606 and 4?
2
What is the greatest common factor of 56320 and 1600?
320
Calculate the highest common factor of 46938 and 3.
3
Calculate the greatest common factor of 34 and 10952.
2
What is the highest common factor of 5563018 and 4038?
1346
Calculate the greatest common factor of 189480 and 12.
12
What is the highest common factor of 4168 and 888?
8
What is the greatest common factor of 1880 and 37640?
40
Calculate the highest common divisor of 71273 and 271.
271
Calculate the highest common divisor of 22120 and 60900.
140
What is the highest common divisor of 16 and 2558?
2
What is the highest common factor of 9999 and 1818?
909
Calculate the highest common divisor of 5768 and 2744.
56
Calculate the greatest common divisor of 1083 and 180139.
361
Calculate the highest common divisor of 36 and 365490.
18
What is the greatest common factor of 87746 and 4?
2
Calculate the highest common divisor of 42 and 402960.
6
Calculate the highest common factor of 1479588 and 24.
12
What is the highest common factor of 88 and 10318?
22
Calculate the greatest common divisor of 42462 and 1197.
63
What is the highest common factor of 143963 and 589?
19
Calculate the greatest common factor of 203 and 3199.
7
Calculate the highest common factor of 483652 and 71.
71
What is the highest common factor of 1168 and 31244?
292
What is the highest common factor of 405517 and 133?
133
What is the highest common divisor of 934193 and 26?
13
What is the highest common factor of 10612 and 840?
28
What is the greatest common factor of 3919 and 704?
1
Calculate the highest common factor of 53228 and 252.
28
What is the greatest common divisor of 